{"id":7079,"date":"2020-12-30T03:18:01","date_gmt":"2020-12-30T03:18:01","guid":{"rendered":"https:\/\/demo4.drfuri.com\/razzi\/?page_id=7079"},"modified":"2022-04-20T21:22:05","modified_gmt":"2022-04-20T21:22:05","slug":"innovacion","status":"publish","type":"page","link":"https:\/\/racco.mx\/?page_id=7079","title":{"rendered":"Innovaci\u00f3n en construcci\u00f3n e infraestructura"},"content":{"rendered":"\t\t<div data-elementor-type=\"wp-page\" data-elementor-id=\"7079\" class=\"elementor elementor-7079\">\n\t\t\t\t\t\t\t\t\t<section class=\"elementor-section elementor-top-section elementor-element elementor-element-1060270 elementor-section-boxed elementor-section-height-default elementor-section-height-default\" data-id=\"1060270\" data-element_type=\"section\">\n\t\t\t\t\t\t<div class=\"elementor-container elementor-column-gap-default\">\n\t\t\t\t\t<div class=\"elementor-column elementor-col-100 elementor-top-column elementor-element elementor-element-354f06e\" data-id=\"354f06e\" data-element_type=\"column\">\n\t\t\t<div class=\"elementor-widget-wrap elementor-element-populated\">\n\t\t\t\t\t\t\t\t<div class=\"elementor-element elementor-element-3db0e63 elementor-widget elementor-widget-razzi-products-grid\" data-id=\"3db0e63\" data-element_type=\"widget\" data-settings=\"{&quot;category&quot;:&quot;innovacion&quot;,&quot;per_page&quot;:8,&quot;columns&quot;:4,&quot;products&quot;:&quot;recent&quot;}\" data-widget_type=\"razzi-products-grid.default\">\n\t\t\t\t<div class=\"elementor-widget-container\">\n\t\t\t\t\t<div class=\"razzi-products-grid woocommerce\">\n\t\t\t<div class=\"product-content\"><ul class=\"products columns-4\">\n<li class=\"product type-product post-14029 status-publish first instock product_cat-innovacion product_cat-personal product_cat-plataformas-y-cimentacion has-post-thumbnail shipping-taxable product-type-simple\">\n\t<a href=\"https:\/\/racco.mx\/?product=rehabilitacion-de-la-red-de-agua-potable-en-varias-calles-del-fracc-el-dorado-ciudad-de-aguascalientes\" class=\"woocommerce-LoopProduct-link woocommerce-loop-product__link\"><img loading=\"lazy\" decoding=\"async\" width=\"491\" height=\"541\" src=\"https:\/\/racco.mx\/wp-content\/uploads\/2022\/04\/VDGF.png\" class=\"attachment-woocommerce_thumbnail size-woocommerce_thumbnail\" alt=\"\" srcset=\"https:\/\/racco.mx\/wp-content\/uploads\/2022\/04\/VDGF.png 491w, https:\/\/racco.mx\/wp-content\/uploads\/2022\/04\/VDGF-272x300.png 272w\" sizes=\"auto, (max-width: 491px) 100vw, 491px\" \/><h2 class=\"woocommerce-loop-product__title\">Rehabilitaci\u00f3n de la red de agua potable en varias calles del Fracc. El Dorado, ciudad de Aguascalientes<\/h2>\n<\/a><a href=\"https:\/\/racco.mx\/?product=rehabilitacion-de-la-red-de-agua-potable-en-varias-calles-del-fracc-el-dorado-ciudad-de-aguascalientes\" data-quantity=\"1\" class=\"button product_type_simple\" data-product_id=\"14029\" data-product_sku=\"\" aria-label=\"Read more about &ldquo;Rehabilitaci\u00f3n de la red de agua potable en varias calles del Fracc. El Dorado, ciudad de Aguascalientes&rdquo;\" rel=\"nofollow\">Read more<\/a><\/li>\n<li class=\"product type-product post-14025 status-publish instock product_cat-innovacion product_cat-mantenimiento product_cat-personal product_cat-planeacion product_cat-tecnologias-de-punta product_cat-urbanizacion has-post-thumbnail shipping-taxable product-type-simple\">\n\t<a href=\"https:\/\/racco.mx\/?product=rehabilitacion-del-pavimento-de-la-avenida-aguascalientes\" class=\"woocommerce-LoopProduct-link woocommerce-loop-product__link\"><img loading=\"lazy\" decoding=\"async\" width=\"491\" height=\"541\" src=\"https:\/\/racco.mx\/wp-content\/uploads\/2022\/04\/JK.JK_..png\" class=\"attachment-woocommerce_thumbnail size-woocommerce_thumbnail\" alt=\"\" srcset=\"https:\/\/racco.mx\/wp-content\/uploads\/2022\/04\/JK.JK_..png 491w, https:\/\/racco.mx\/wp-content\/uploads\/2022\/04\/JK.JK_.-272x300.png 272w\" sizes=\"auto, (max-width: 491px) 100vw, 491px\" \/><h2 class=\"woocommerce-loop-product__title\">Rehabilitaci\u00f3n del pavimento de la Avenida Aguascalientes<\/h2>\n<\/a><a href=\"https:\/\/racco.mx\/?product=rehabilitacion-del-pavimento-de-la-avenida-aguascalientes\" data-quantity=\"1\" class=\"button product_type_simple\" data-product_id=\"14025\" data-product_sku=\"\" aria-label=\"Read more about &ldquo;Rehabilitaci\u00f3n del pavimento de la Avenida Aguascalientes&rdquo;\" rel=\"nofollow\">Read more<\/a><\/li>\n<li class=\"product type-product post-14022 status-publish instock product_cat-innovacion product_cat-planeacion product_cat-tecnologias-de-punta product_cat-urbanizacion has-post-thumbnail shipping-taxable product-type-simple\">\n\t<a href=\"https:\/\/racco.mx\/?product=construccion-del-boulevard-ponciano-arriaga\" class=\"woocommerce-LoopProduct-link woocommerce-loop-product__link\"><img loading=\"lazy\" decoding=\"async\" width=\"491\" height=\"541\" src=\"https:\/\/racco.mx\/wp-content\/uploads\/2022\/04\/GHLI.png\" class=\"attachment-woocommerce_thumbnail size-woocommerce_thumbnail\" alt=\"\" srcset=\"https:\/\/racco.mx\/wp-content\/uploads\/2022\/04\/GHLI.png 491w, https:\/\/racco.mx\/wp-content\/uploads\/2022\/04\/GHLI-272x300.png 272w\" sizes=\"auto, (max-width: 491px) 100vw, 491px\" \/><h2 class=\"woocommerce-loop-product__title\">Construcci\u00f3n del Boulevard Ponciano Arriaga<\/h2>\n<\/a><a href=\"https:\/\/racco.mx\/?product=construccion-del-boulevard-ponciano-arriaga\" data-quantity=\"1\" class=\"button product_type_simple\" data-product_id=\"14022\" data-product_sku=\"\" aria-label=\"Read more about &ldquo;Construcci\u00f3n del Boulevard Ponciano Arriaga&rdquo;\" rel=\"nofollow\">Read more<\/a><\/li>\n<li class=\"product type-product post-13996 status-publish last instock product_cat-innovacion product_cat-mantenimiento product_cat-personal product_cat-planeacion product_cat-plataformas-y-cimentacion product_cat-tecnologias-de-punta product_cat-urbanizacion has-post-thumbnail shipping-taxable product-type-simple\">\n\t<a href=\"https:\/\/racco.mx\/?product=construccion-de-paso-a-desnivel-en-av-aguascalientes-sur-con-av-de-los-maestros\" class=\"woocommerce-LoopProduct-link woocommerce-loop-product__link\"><img loading=\"lazy\" decoding=\"async\" width=\"491\" height=\"541\" src=\"https:\/\/racco.mx\/wp-content\/uploads\/2022\/04\/GRGR.png\" class=\"attachment-woocommerce_thumbnail size-woocommerce_thumbnail\" alt=\"\" srcset=\"https:\/\/racco.mx\/wp-content\/uploads\/2022\/04\/GRGR.png 491w, https:\/\/racco.mx\/wp-content\/uploads\/2022\/04\/GRGR-272x300.png 272w\" sizes=\"auto, (max-width: 491px) 100vw, 491px\" \/><h2 class=\"woocommerce-loop-product__title\">Construcci\u00f3n de paso a desnivel en Av. Aguascalientes Sur con Av. de los Maestros<\/h2>\n<\/a><a href=\"https:\/\/racco.mx\/?product=construccion-de-paso-a-desnivel-en-av-aguascalientes-sur-con-av-de-los-maestros\" data-quantity=\"1\" class=\"button product_type_simple\" data-product_id=\"13996\" data-product_sku=\"\" aria-label=\"Read more about &ldquo;Construcci\u00f3n de paso a desnivel en Av. Aguascalientes Sur con Av. de los Maestros&rdquo;\" rel=\"nofollow\">Read more<\/a><\/li>\n<li class=\"product type-product post-13993 status-publish first instock product_cat-innovacion product_cat-mantenimiento product_cat-personal product_cat-planeacion product_cat-urbanizacion has-post-thumbnail shipping-taxable product-type-simple\">\n\t<a href=\"https:\/\/racco.mx\/?product=modernizacion-y-ampliacion-de-la-carretera-vinedos-ribier-san-marcos\" class=\"woocommerce-LoopProduct-link woocommerce-loop-product__link\"><img loading=\"lazy\" decoding=\"async\" width=\"491\" height=\"541\" src=\"https:\/\/racco.mx\/wp-content\/uploads\/2022\/04\/HJKH.png\" class=\"attachment-woocommerce_thumbnail size-woocommerce_thumbnail\" alt=\"\" srcset=\"https:\/\/racco.mx\/wp-content\/uploads\/2022\/04\/HJKH.png 491w, https:\/\/racco.mx\/wp-content\/uploads\/2022\/04\/HJKH-272x300.png 272w\" sizes=\"auto, (max-width: 491px) 100vw, 491px\" \/><h2 class=\"woocommerce-loop-product__title\">Modernizaci\u00f3n y ampliaci\u00f3n de la carretera vi\u00f1edos Ribier &#8211; San Marcos<\/h2>\n<\/a><a href=\"https:\/\/racco.mx\/?product=modernizacion-y-ampliacion-de-la-carretera-vinedos-ribier-san-marcos\" data-quantity=\"1\" class=\"button product_type_simple\" data-product_id=\"13993\" data-product_sku=\"\" aria-label=\"Read more about &ldquo;Modernizaci\u00f3n y ampliaci\u00f3n de la carretera vi\u00f1edos Ribier - San Marcos&rdquo;\" rel=\"nofollow\">Read more<\/a><\/li>\n<li class=\"product type-product post-13961 status-publish instock product_cat-innovacion product_cat-personal product_cat-planeacion product_cat-plataformas-y-cimentacion product_cat-tecnologias-de-punta shipping-taxable product-type-simple\">\n\t<a href=\"https:\/\/racco.mx\/?product=construccion-de-tres-pasos-a-desnivel-en-el-trazo-del-tercer-anillo-de-circunvalacion-en-los-cruces-con-rio-san-pedro\" class=\"woocommerce-LoopProduct-link woocommerce-loop-product__link\"><img loading=\"lazy\" decoding=\"async\" width=\"570\" height=\"684\" src=\"https:\/\/racco.mx\/wp-content\/uploads\/woocommerce-placeholder-570x684.png\" class=\"woocommerce-placeholder wp-post-image\" alt=\"Placeholder\" srcset=\"https:\/\/racco.mx\/wp-content\/uploads\/woocommerce-placeholder-570x684.png 570w, https:\/\/racco.mx\/wp-content\/uploads\/woocommerce-placeholder-130x156.png 130w\" sizes=\"auto, (max-width: 570px) 100vw, 570px\" \/><h2 class=\"woocommerce-loop-product__title\">Construcci\u00f3n de Tres Pasos a Desnivel en el Trazo del Tercer Anillo de Circunvalaci\u00f3n en los Cruces con R\u00edo San Pedro<\/h2>\n<\/a><a href=\"https:\/\/racco.mx\/?product=construccion-de-tres-pasos-a-desnivel-en-el-trazo-del-tercer-anillo-de-circunvalacion-en-los-cruces-con-rio-san-pedro\" data-quantity=\"1\" class=\"button product_type_simple\" data-product_id=\"13961\" data-product_sku=\"\" aria-label=\"Read more about &ldquo;Construcci\u00f3n de Tres Pasos a Desnivel en el Trazo del Tercer Anillo de Circunvalaci\u00f3n en los Cruces con R\u00edo San Pedro&rdquo;\" rel=\"nofollow\">Read more<\/a><\/li>\n<\/ul>\n<\/div>\t\t<\/div>\n\t\t\t\t<\/div>\n\t\t\t\t<\/div>\n\t\t\t\t\t<\/div>\n\t\t<\/div>\n\t\t\t\t\t\t\t<\/div>\n\t\t<\/section>\n\t\t\t\t\t\t\t<\/div>\n\t\t","protected":false},"excerpt":{"rendered":"","protected":false},"author":1,"featured_media":0,"parent":0,"menu_order":0,"comment_status":"closed","ping_status":"closed","template":"","meta":{"footnotes":""},"class_list":["post-7079","page","type-page","status-publish","hentry"],"_links":{"self":[{"href":"https:\/\/racco.mx\/index.php?rest_route=\/wp\/v2\/pages\/7079","targetHints":{"allow":["GET"]}}],"collection":[{"href":"https:\/\/racco.mx\/index.php?rest_route=\/wp\/v2\/pages"}],"about":[{"href":"https:\/\/racco.mx\/index.php?rest_route=\/wp\/v2\/types\/page"}],"author":[{"embeddable":true,"href":"https:\/\/racco.mx\/index.php?rest_route=\/wp\/v2\/users\/1"}],"replies":[{"embeddable":true,"href":"https:\/\/racco.mx\/index.php?rest_route=%2Fwp%2Fv2%2Fcomments&post=7079"}],"version-history":[{"count":5,"href":"https:\/\/racco.mx\/index.php?rest_route=\/wp\/v2\/pages\/7079\/revisions"}],"predecessor-version":[{"id":13812,"href":"https:\/\/racco.mx\/index.php?rest_route=\/wp\/v2\/pages\/7079\/revisions\/13812"}],"wp:attachment":[{"href":"https:\/\/racco.mx\/index.php?rest_route=%2Fwp%2Fv2%2Fmedia&parent=7079"}],"curies":[{"name":"wp","href":"https:\/\/api.w.org\/{rel}","templated":true}]}}