{"id":13958,"date":"2022-04-21T19:37:27","date_gmt":"2022-04-21T19:37:27","guid":{"rendered":"https:\/\/racco.mx\/?post_type=product&#038;p=13958"},"modified":"2022-04-21T20:14:01","modified_gmt":"2022-04-21T20:14:01","slug":"construccion-de-pavimento-hidraulico-av-mahatma-gandhi","status":"publish","type":"product","link":"https:\/\/racco.mx\/?product=construccion-de-pavimento-hidraulico-av-mahatma-gandhi","title":{"rendered":"Construcci\u00f3n de pavimento hidr\u00e1ulico, Av. Mahatma Gandhi"},"content":{"rendered":"<p>SECRETARIA DE OBRAS PUBLICAS DEL MUNICIPIO DE AGUASCALIENTES<\/p>\n<p>CIUDAD DE AGUASCALIENTES, EDO. DE AGUASCALIENTES<\/p>\n","protected":false},"excerpt":{"rendered":"<p>Construcci\u00f3n de pavimento hidr\u00e1ulico, Av. Mahatma Gandhi, Av. Siglo XXI a Av. Aguascalientes Sur, Prados del Sur Fracc., Aguascalientes, Mpio. Para la Secretar\u00eda de Obras P\u00fablicas del Ayuntamiento de<br \/>\nAguascalientes, en el a\u00f1o 2014 ($14,701,634.37 inc. IVA) (contrato PRODER-0101-2014 del 11 de diciembre de 2014, con per\u00edodo de ejecuci\u00f3n del 12 de diciembre de 2014 al 21 de marzo de 2015)<\/p>\n<p>-TERRACERIAS<br \/>\n&#8211; CONCRETO HIDRAULICO<br \/>\n&#8211; DEMOLICIINES<br \/>\n&#8211; ACARREOS<br \/>\n&#8211; BASE HIDRAULICA<br \/>\n&#8211; PAVIMENTACION CON<br \/>\n&#8211; OBRAS COMPLEMENTARIAS<br \/>\n&#8211; SE\u00d1ALAMIENTO<\/p>\n<p>&nbsp;<\/p>\n","protected":false},"featured_media":0,"template":"","meta":[],"product_cat":[178],"product_tag":[],"class_list":{"0":"post-13958","1":"product","2":"type-product","3":"status-publish","5":"product_cat-urbanizacion","7":"first","8":"instock","9":"shipping-taxable","10":"product-type-simple"},"_links":{"self":[{"href":"https:\/\/racco.mx\/index.php?rest_route=\/wp\/v2\/product\/13958","targetHints":{"allow":["GET"]}}],"collection":[{"href":"https:\/\/racco.mx\/index.php?rest_route=\/wp\/v2\/product"}],"about":[{"href":"https:\/\/racco.mx\/index.php?rest_route=\/wp\/v2\/types\/product"}],"wp:attachment":[{"href":"https:\/\/racco.mx\/index.php?rest_route=%2Fwp%2Fv2%2Fmedia&parent=13958"}],"wp:term":[{"taxonomy":"product_cat","embeddable":true,"href":"https:\/\/racco.mx\/index.php?rest_route=%2Fwp%2Fv2%2Fproduct_cat&post=13958"},{"taxonomy":"product_tag","embeddable":true,"href":"https:\/\/racco.mx\/index.php?rest_route=%2Fwp%2Fv2%2Fproduct_tag&post=13958"}],"curies":[{"name":"wp","href":"https:\/\/api.w.org\/{rel}","templated":true}]}}