{"id":14011,"date":"2022-04-25T18:58:39","date_gmt":"2022-04-25T18:58:39","guid":{"rendered":"https:\/\/racco.mx\/?post_type=product&#038;p=14011"},"modified":"2022-04-25T18:58:40","modified_gmt":"2022-04-25T18:58:40","slug":"urbanizacion-y-equipamiento-parque-industrial-de-logistica-automotriz","status":"publish","type":"product","link":"https:\/\/racco.mx\/?product=urbanizacion-y-equipamiento-parque-industrial-de-logistica-automotriz","title":{"rendered":"Urbanizaci\u00f3n y equipamiento Parque Industrial de Log\u00edstica Automotriz"},"content":{"rendered":"<p>SECRETARIA DE INFRAESTRUCTURA Y COMUNICACIONES DEL GOBIERNO DEL ESTADO DE AGUASCALIENTES<\/p>\n<p>MUNICIPIO DE AGUASCALIENTES, EDO. DE AGUASCALIENTES<\/p>\n","protected":false},"excerpt":{"rendered":"<p>Urbanizaci\u00f3n y equipamiento Parque Industrial de Log\u00edstica Automotriz (PILA), pavimentaci\u00f3n asf\u00e1ltica e hidr\u00e1ulica de Circuito Progreso, Aguascalientes, Ags, en el Municipio de Aguascalientes, Estado de Aguascalientes Para la Secretar\u00eda de Infraestructura y Comunicaciones, del Gobierno del Estado de<br \/>\nAguascalientes, en el a\u00f1o 2012 ($13&#8217;820,480.70 incluye IVA) (contrato PRORE-28075-053-12 del 10 de diciembre de 2012, con per\u00edodo de ejecuci\u00f3n del 27 de diciembre de 2012 al 25 de marzo de 2013)<\/p>\n<p>&#8211; CONSTRUCCION DE DENTELLON DE CONCRETO HIDRAULICO<br \/>\n&#8211; PAVIMENTO DE CONCR. HIDR. MR=42 KG\/CM2 DE 18 CM. DE ESP.<\/p>\n<p>&#8211; RIEGOS DE IMPREGNACION Y DE LIGA<br \/>\n&#8211; CARPETA ASFALTICA DE 10 CM. DE ESP. CON CEMENTO ASFALTICO MODIFICADO<br \/>\n&#8211; RENIVELACION DE CAJAS PARA VALVULAS<br \/>\n&#8211; RENIVELACION DE POZOS DE VISITA<br \/>\n&#8211; LIMPIEZA FINAL DE OBRA<\/p>\n","protected":false},"featured_media":0,"template":"","meta":[],"product_cat":[174,173,178],"product_tag":[],"class_list":{"0":"post-14011","1":"product","2":"type-product","3":"status-publish","5":"product_cat-personal","6":"product_cat-planeacion","7":"product_cat-urbanizacion","9":"first","10":"instock","11":"shipping-taxable","12":"product-type-simple"},"_links":{"self":[{"href":"https:\/\/racco.mx\/index.php?rest_route=\/wp\/v2\/product\/14011","targetHints":{"allow":["GET"]}}],"collection":[{"href":"https:\/\/racco.mx\/index.php?rest_route=\/wp\/v2\/product"}],"about":[{"href":"https:\/\/racco.mx\/index.php?rest_route=\/wp\/v2\/types\/product"}],"wp:attachment":[{"href":"https:\/\/racco.mx\/index.php?rest_route=%2Fwp%2Fv2%2Fmedia&parent=14011"}],"wp:term":[{"taxonomy":"product_cat","embeddable":true,"href":"https:\/\/racco.mx\/index.php?rest_route=%2Fwp%2Fv2%2Fproduct_cat&post=14011"},{"taxonomy":"product_tag","embeddable":true,"href":"https:\/\/racco.mx\/index.php?rest_route=%2Fwp%2Fv2%2Fproduct_tag&post=14011"}],"curies":[{"name":"wp","href":"https:\/\/api.w.org\/{rel}","templated":true}]}}